 be a(-2). Suppose 3*i = 2*v + w + 7, 4*i - 24 = 2*v. Suppose -i + 13 = 8*y. Let p(s) = 6*s + 1. Give p(y).
7
Let r = 193 + -196. Let x(a) = -2*a - 5. What is x(r)?
1
Suppose -4*p + 9*h - 8*h + 16 = 0, p - h - 7 = 0. Let j(o) = -11*o**2 + 8*o - 18. Calculate j(p).
-93
Let s(p) = p**3 + 8*p**2 - 3*p - 4. Suppose 0*c + k - 46 = 5*c, 3*c + k = -18. Calculate s(c).
20
Let d(h) = 12*h - 55 - 8*h + 14. Give d(13).
11
Let q(o) = -3477*o + 17 + 6955*o - 3483*o. Determine q(10).
-33
Let n(h) = -124 + 44 + h + 40 + 34. Suppose 22 = -6*b + 5*b. Let a be 1/(b/8 - -3). Give n(a).
-2
Let u(g) = g**2 + 15*g - 33. Suppose -5*q = -25, m - 668 = -5*q - 660. Calculate u(m).
1
Let b = 14698 - 14696. Let n(c) be the first derivative of -2/3*c**3 - 2*c + c**b - 34 - 1/4*c**4. Calculate n(-4).
22
Let l = 662 + -668. Let w(t) = t**2 + 9*t + 21. Determine w(l).
3
Let r(a) = -a**2 + 11*a + 104. Let n be r(17). Let x(p) be the first derivative of 1/2*p**n - 2/3*p**3 + 15 + 0*p. Give x(-3).
-21
Let w = 325 + -320. Let j be (-1 + -5)/(14/(-7)). Let a(r) = 47 - 4*r**j + 3*r**3 + 5*r**2 - 49 - r. Give a(w).
-7
Suppose -6 = -2*m - d - d, 2*d - 10 = -4*m. Let n(c) be the second derivative of -c**5/10 + c**4/4 - c**3/3 - c**2/2 - 25*c. Determine n(m).
-9
Let t = 76 - 73. Let n(c) = -t*c**2 + 346*c**3 + 4*c**2 + c - 340*c**3. Suppose -2*u + 1 - 3 = 0. What is n(u)?
-6
Let a(h) = -h - 1. Let t = -35 - -39. Let n(f) = -13*f - 2. Let r(x) = -12*x - 2. Let s(j) = t*n(j) - 3*r(j). Let k(c) = 5*a(c) - s(c). Calculate k(2).
19
Let h(r) = 3*r + 8. Let i(l) = 7*l + 16. Let n = -68 + 63. Let p be n + 6 - (7 - 1). Let z(x) = p*h(x) + 2*i(x). Determine z(0).
-8
Let f(p) = -1191 + p + 1191 - p**3 - 6*p**2. Let z(h) be the first derivative of 5*h**2/2 - h - 4. Let m be z(-1). Calculate f(m).
-6
Let o(q) = q**3 - 6*q**2 - 5*q - 9. Let r be (36/(-27))/((-2)/3). Let k(g) = -1911*g + 0 + 7*g**r - 5 + 1906*g. Let w be k(-1). Give o(w).
5
Let i be -22 + (-1050)/(-49) - (-8)/14. Let h(s) = -6*s + 19. Calculate h(i).
19
Let a(l) = 97*l - 22. Let y(g) = -193*g + 51. Let q(w) = -7*a(w) - 3*y(w). What is q(1)?
-99
Let n(i) = i**3 + 13*i**2 + 32*i - 18. Let h be n(-4). Let k(u) = 4*u**2 - 4*u - 5. Calculate k(h).
19
Let v(i) = 3*i**2 - 4*i + 3. Let l(g) = -2*g**2 + 4*g - 3. Let b = -18 + 20. Let f be (-1)/b + (28/8 - 6). Let k(p) = f*v(p) - 4*l(p). Calculate k(-4).
3
Suppose 3 = i, -i + 151 - 136 = 4*z. Let g = -3 + 4. Let s(o) = -o**2 - o. Let r(h) = h**3 - 9*h**2 - 4*h. Let l(y) = g*r(y) - 5*s(y). Determine l(z).
-6
Let v(q) = q**3 + 4*q**2 - 5*q - 3. Let k(r) = r**2 - 16*r + 55. Suppose -2*a + 25 = 5*h, 3*a = -5*h + 14 + 21. Let d be k(a). Give v(d).
-3
Let y(u) = -71 + 0*u**2 - u**2 + 76 + 3*u**2 + 43*u. Give y(-21).
-16
Let k(g) = -301636 - 2*g + 0*g + 301619 - 4*g. What is k(12)?
-89
Let w(d) = -d**3 + 5*d**2 - 2*d + 3. Let p = -97 + 57. Let a be (3 - (-2 + p))/(1 - 2). Let l = a + 49. Calculate w(l).
11
Suppose 0 = -2*t + 6. Let r(v) = -274*v + 875 - 874 + 275*v. Give r(t).
4
Let q(i) = -22*i**3 - i. Let a be q(-1). Let o = a - 27. Let w(d) = -d**3 - 3*d**2 + 5*d + 1. Give w(o).
-3
Suppose -6 = -z + o - 0, 4*o - 8 = 0. Let k(p) = 2*p**2 - 3*p**2 + 5*p + z*p - 8 + 7*p - 33*p. Give k(-12).
4
Suppose -g + 2*g = 2. Let v be 5/(-1) - (g - 3). Let n(m) = -494*m + 122*m + 126*m + 2 + 126*m + 125*m + m**2. Give n(v).
-2
Let t(x) = -13*x - 327. Let a be t(-31). Suppose -25*q = -a + 26. Let f(w) be the first derivative of -3*w**2 + 1. Calculate f(q).
-12
Let s = -255 + 253. Let a(x) = -x + 8. Let h(q) = q - 7. Let i(t) = 5*a(t) + 6*h(t). Determine i(s).
-4
Let t(k) = -1051 + 1177 - 7*k + 10*k + 3*k. Determine t(-20).
6
Let i(w) = -w + 8. Let u be (10/20)/(1 + 9/(-6)). Let p be (2 - 5) + (u - 1). Let g be (-4)/((-4)/p) + 5. What is i(g)?
8
Let g be (-116)/(-377)*-13 + 1/3*13. Let o(b) be the first derivative of g*b**3 + 0*b**2 - 41 - 2*b. What is o(-4)?
14
Let c(i) = i**3 - i**2. Let v(t) = -t**3 + 1. Let l(d) = 5*d**3 + 7*d**2 - 9*d + 13. Let o(y) = -l(y) - 2*v(y). Let q(a) = 4*c(a) + o(a). Determine q(10).
-25
Let d = -96 - -111. Suppose -18*q + d*q = 0. Let h(z) = z**2 + 0*z - 4*z + 4 + 5*z. Determine h(q).
4
Let q(z) = z**2 + 21*z + 2. Let j be -7 + ((2508/64)/(-3) - 16/(-256)). What is q(j)?
-18
Let l = 19 - -23. Suppose -s = -8*s + l. Let i(o) be the third derivative of o**4/8 - 3*o**3/2 - o**2. Give i(s).
9
Let g(o) = -16*o - 19. Let q(h) = h**2 + 20*h - 91. Let d be q(4). Calculate g(d).
-99
Let h(j) = j**3 + j**2 + j + 6. Let c(w) = -332*w**2 - 330*w**2 - 5*w - 27 - 5*w**3 + 657*w**2. Let z(t) = 2*c(t) + 9*h(t). What is z(-2)?
6
Suppose -14 + 6 = -4*k. Suppose -7*i = k*i - 45. Let f(l) = 2*l**2 - l**2 + i*l + 2 + 3 + 1. Calculate f(-4).
2
Let p(r) = 104*r + 414. Let q(a) = -87*a - 421. Let m(o) = -6*p(o) - 5*q(o). Calculate m(-2).
-1
Let j(h) = 32*h - 76340223 - 9*h + 76340183 + h**2. Give j(-24).
-16
Let q(r) = 10*r + 1. Let j(n) = -n**3 - 5*n**2 + 6*n + 3. Let v be j(-6). Let p(u) = -4*u - 48. Let m be p(-13). Suppose v*z = 7*z + m. Determine q(z).
-9
Suppose -2 = -18*d + 19*d. Let m(z) = 23*z - 45. Let f(t) = 8*t - 16. Let b(n) = 17*f(n) - 6*m(n). Calculate b(d).
2
Suppose 260*x - 301*x = -287. Let u(j) = -j**3 + 9*j**2 - 24*j + 13. What is u(x)?
-57
Let f(i) = 13*i**3 + 5*i**2 - 6*i - 10. Let j(u) = 3*u**3 + u**2 - u - 5. Let m(k) = 2*f(k) - 9*j(k). Calculate m(0).
25
Let c(l) = -l - 2. Let z be (22/(-6) - -3)*18. Let d = -32 + z. Let j = -50 - d. Determine c(j).
4
Let k(n) = n**2 - 4*n - 6. Suppose -2*p + 5*x + 13 = 2*x, 0 = -5*p + 3*x + 37. Suppose 2*o - p*o + 36 = 0. What is k(o)?
6
Let x(w) = w**3 + 9*w**2 + 8*w + 1. Let h be 23 + 3 + -5 + 4. Suppose -i - 39 = 5*v, 5*v + 2*i + 13 = -h. Give x(v).
1
Suppose 37*k = 56*k + 76. Let i(a) = -a**2 - 6*a - 4. Let u(b) = 3*b + 5. Let m(h) = 2*h + 3. Let j(z) = 5*m(z) - 3*u(z). Let c(w) = -i(w) - 2*j(w). Give c(k).
4
Suppose 539*r - 534*r = 10. Let f(k) be the first derivative of -1 + 3*k - 1/2*k**r. Determine f(6).
-3
Let g be 2/(-3) + 3068/156. Suppose -3 = 3*n + 2*m - 31, n - 5*m = -g. Let q(u) = 2*u**2 - 8*u - 2. What is q(n)?
22
Suppose 7 = w + 19. Let q(v) = -v**3 - 12*v**2 - 2*v - 21. Let h be q(w). Let k(t) = -2*t + 2*t**3 + 4*t**3 - 2*t**3 - 6*t**h - 4*t**2. What is k(-2)?
4
Let o = -8 + 11. Let y = 1 + 1. Let w(b) = -8*b - 2 + y*b - b + 4*b. Give w(o).
-11
Let d(g) = -3*g + 7. Let f(n) = -23*n + 51. Let a(s) = 15*d(s) - 2*f(s). What is a(3)?
6
Let c = 482 - 481. Let o(s) = 4*s - 9*s + s + 3*s + c + 2. Give o(5).
-2
Let k(j) = -j**3 - 5*j**2 + 7*j + 5. Suppose -5*p + 8 = -3*p, -3*f + 5*p = -823. Let g = 275 - f. Determine k(g).
-1
Suppose 928*b - 927*b - 7 = 0. Let a(r) = -r**2 + 6*r + 17. Give a(b).
10
Let x(p) = 7*p + 2. Let d be x(1). Suppose 0 = 2*y - 5*y - d. Let w(k) = -3 - 137*k - 138*k + 1 + 276*k. What is w(y)?
-5
Let m(n) = 99*n + 143 - 47*n - 59*n. Give m(17).
24
Let w be 5/(-40)*4 - (-18)/4. Let l(z) = -z**3 - 7*z**2 + 12*z - 4. Let p(k) = 2*k**3 + 13*k**2 - 24*k + 8. Let i(m) = w*p(m) + 9*l(m). What is i(-12)?
-4
Let t be (7/3)/(-3 - 50/(-12)). Let c(u) = -15*u + 3. Determine c(t).
-27
Let i be (4/(-6))/((4/80)/(141/188)). Let s(g) = -77*g - 771. Calculate s(i).
-1
Let q(i) be the third derivative of -i**4/4 - i**3/6 - 2*i**2. Let o(v) = 49*v + 4. Let z be o(0). Suppose -10*r - k = -6*r, 4*r = -2*k + z. Calculate q(r).
5
Let t(f) = f - 11. Let p(c) = -c**2 - 11*c - 12. Let r(y) = -15*y + 25. Let v be r(-4). Suppose 8*m - 13 = -v. Let k be p(m). Calculate t(k).
-5
Let q(f) be the second derivative of -f**5/120 + f**4/24 - 13*f**3/2 - 35*f. Let k(v) be the second derivative of q(v). Give k(-2).
3
Let l(s) = s - 11. Let t(q) = -12 + 2*q - 3*q + 34. Let b(k) = 7*l(k) + 4*t(k). Let i(r) = -10*r - 32. Let z(u) = -7*b(u) - 2*i(u). Give z(0).
-13
Let k(j) = 5*j**3 + 73*j**2 + 56*j - 24. Let z(q) = -q**3 - 13*q**2 - q - 1. Let c(b) = k(b) + 4*z(b). Calculate c(-18).
8
Let l(t) = t**2 - 9*t - 5. Let c = 427 + -433. Let h be 0 - (6 + -6) - -2 - c. Give l(h).
-13
Let y(t) = -3*t - 31. Suppose -v + 16*i - 19*i = 12, 3*v - i = -16. Determine y(v).
-13
Let i(w) = -10*w - 62. Let u(k) = 7. Let z(b) = -i(b) - 3*u(b). Determine z(-5).
-9
Suppose -5*w + 2880 = 38*w + 53*w. Let j(b) = 5*b - 153. What is j(w)?
-3
Let a = 90 - 84. Suppose a*d = 